f - 414 - 636 = 4*s. Is f a composite number?
True
Suppose 5*r + 10 = -5*s, -4*s + 2*s - 5 = r. Let u be (2 - 2) + (r - 1). Is (-7)/((-28)/136) + u composite?
True
Let j = 51 - 48. Suppose 884 = j*y - 3199. Is y a composite number?
False
Let x(d) = -d**3 + 2*d**2 - 21*d - 3. Is x(-14) composite?
True
Let y = -1804 - -5158. Let b = y - 1393. Is b prime?
False
Let t(r) = r**3 + 25*r**2 + 16. Let v be t(-17). Suppose 5*c - v = -g, 2*c - c - 462 = -2*g. Is c a composite number?
True
Let s(a) = a**2 - a + 625. Let k be s(0). Let c be -2 - -3 - k*-3. Suppose -2*j = 2*j - c. Is j a prime number?
False
Let m(x) = 7 + 12 - 64*x + 4. Is m(-6) a prime number?
False
Let n = 35 + -12. Suppose -4*l = -v - 13, -3*l + 3*v + n = l. Suppose -2*k + 875 = -5*c, l*c + 12 = 6*c. Is k a composite number?
True
Let b = -205 - -426. Suppose 2*k = k + b. Is k a composite number?
True
Suppose 531*h - 530*h - 127 = 0. Is h composite?
False
Let w(y) = -6*y. Let c be w(1). Is (3/2)/(c/(-1060)) composite?
True
Let o = 2200 - -4699. Is o prime?
True
Suppose -2*a = -25 + 1. Suppose 7*n - a*n = -6805. Is n prime?
True
Suppose -1908 = -5*p - g - g, -4*p + 2*g + 1530 = 0. Is p prime?
False
Suppose 8*z + 2*z + 10 = 0. Is (4/(-2) - z)/(4/(-5836)) a prime number?
True
Let g = -1595 - -3066. Is g prime?
True
Is 4 - (-6 - (10 - -8481)) composite?
False
Let n be 7/(7/33) + 1. Let x be -2*n/8*-2. Suppose 21*y - 232 = x*y. Is y a prime number?
False
Let j(l) = -27*l - 5. Let m(a) = -a**2 - 3*a + 12. Suppose w = 3*x + 17, 6*w = 3*w - 3. Let s be m(x). Is j(s) a prime number?
True
Let q(h) = h**3 - h**2 + h + 4. Let x be q(0). Suppose -u - 5*c = -2*u + 1199, 2*u = -x*c + 2370. Is u prime?
False
Let j(q) = 7*q - 5 - 4*q + 7*q. Let b(m) = m**3 + 24*m**2 - 2*m - 42. Let r be b(-24). Is j(r) a composite number?
True
Let g = 3692 - 583. Is g prime?
True
Let q(s) = 3*s**2 + 13*s + 8. Let c be q(-4). Let x(r) be the first derivative of 9*r**2/2 + r + 1. Is x(c) a composite number?
False
Suppose 0 = -11*s + 902 + 1859. Suppose -9*q + s = -4636. Is q composite?
True
Let n be (6/30)/(3/75). Suppose 3*r - 8*r = -10, -4*r + 553 = n*w. Is w a prime number?
True
Suppose k - 64871 = 3*t, -5*t = -2*k - 9*t + 129742. Is k a prime number?
True
Suppose 0 = 2*v - 3*v + 7. Is 0 - ((v - 4) + -794) composite?
True
Let m be ((-15*1)/(-3))/1. Let w(o) = -25 + 51 - 26 + 6*o + 13*o**2. Is w(m) a prime number?
False
Suppose 6 = -2*i + 3*o + 25, -3*i + 30 = -3*o. Suppose -i*w + 582 = -5*w. Is w prime?
True
Suppose 28 = -4*r + 76. Is 321/r*(21 + -1) prime?
False
Suppose 4*l = 4*o + 134780, 16 = 3*o + 10. Is l prime?
False
Let l(r) = 5 - 5*r - 7*r - 5*r - r**2 + 0. Let w be l(-10). Let u = 113 - w. Is u a composite number?
True
Let y(i) = -i**3 + 39*i**2 - 31*i + 5. Is y(-28) prime?
True
Let l = -6 + 11. Suppose -o + 4*o + r = -54, -2*o = l*r + 23. Is 29/(-2)*(o - 15) a prime number?
False
Let x(b) = b**3 + 8*b**2 - 12*b - 61. Is x(-8) a composite number?
True
Let j be 1/((6/3)/2). Let t be j/((-4)/(-536)*-1). Let f = -85 - t. Is f prime?
False
Suppose v - 2*v = -12. Suppose -2*w + 2*n = -2*n, 2*n = -2*w + v. Suppose -378 + 51 = -r + j, 0 = w*j + 16. Is r a composite number?
True
Is 27908/(-8)*(8 - 10) composite?
False
Let s(a) = 7*a**2 + 5*a - 5. Suppose -4 = -4*d + 4. Suppose 2 = -d*l + 10. Is s(l) a prime number?
True
Suppose -5*n - 1461 = 17874. Let p = -1894 - n. Is p prime?
True
Let f(p) = 2*p**3 + 26*p**2 - 9*p - 121. Is f(20) composite?
False
Suppose -g + 2*l = -6471, 4*g + 0*l = 2*l + 25878. Is g a prime number?
True
Let j(i) = -1090*i**3 + 2*i**2 + i. Suppose 11*a = -a - 12. Is j(a) a prime number?
True
Let x be -12*-16*41*6/(-36). Let b = x - -2561. Is b a prime number?
True
Suppose 135*c - 13251 = 132*c. Is c prime?
False
Is (-4 + 3)*(8 - 1369) a composite number?
False
Suppose 5*j + j = 210. Let t = j - -272. Is t a composite number?
False
Let w be (-1)/2*7*-94. Let o(n) = -206*n + 4. Let x be o(1). Let d = x + w. Is d composite?
False
Suppose 7*c - v + 1 = 6*c, -2 = -2*c + v. Suppose t = -n + 3796, c*t + 0*t - 11367 = 4*n. Is t composite?
False
Let t be 2/3 - 2/3. Suppose -5*g = -t*x - x + 838, 5*x = 2*g + 4098. Suppose -688 = -2*c + x. Is c composite?
True
Let p = 103 + -110. Is 10071/12 + p/28 a prime number?
True
Suppose 4024 = 4*z + 4*a, -z + 5*a + 1012 = -0*a. Is z a composite number?
True
Suppose -5*j = 42*x - 46*x - 112129, -4*j - 4*x = -89732. Is j a prime number?
False
Let v = -8574 - -12176. Is v a composite number?
True
Suppose -6*i + 1879 + 167 = 0. Suppose -2*o + 5*j + i = 2*o, o - 2*j = 83. Is o composite?
False
Let p(s) = 25*s**3 - 7*s**2 + 3*s - 11. Let f(x) = x**2 - 1. Let h(z) = -2*f(z) + p(z). Is h(4) composite?
False
Suppose 2*u = -4*l + 52, -3*u + 5*l = -0*l - 23. Is (-346)/((u/(-6))/4) prime?
False
Let l be (1 - -2)*2/3. Let x = l + -14. Is -3*(260/x - -2) prime?
True
Let f(h) = 2976*h + 1. Let j be f(3). Let m = -6320 + j. Is m a composite number?
False
Let i = -1523 + 1048. Let n = -252 - i. Is n a prime number?
True
Suppose -x + 16 = -4*j, 5*x + j = 3*j - 10. Is 759 + 1/(1/x) prime?
False
Suppose 0 = -8*w + 11927 + 8033. Is w a prime number?
False
Suppose -407*u - 137287 = -430*u. Is u a composite number?
True
Let l(j) = 4*j**2 + 8*j - 11. Suppose -60 = 5*y + 4*t, -2*y - 2*t - 42 = 2*y. Let g be l(y). Suppose -i = 38 - g. Is i a composite number?
True
Suppose 0 = -18*o + 14*o + 28748. Is o composite?
False
Suppose 0 = 2*x + 8 - 12. Suppose x*v - 185 = 2*s + 177, -4*v + 5*s = -726. Is v a prime number?
True
Let y(l) = l**2 - 16*l + 27. Let z be y(14). Let s(w) = -1099*w**3 + 2*w**2 + 3*w + 1. Let c be s(z). Suppose 0 = -2*m + m + c. Is m a prime number?
False
Let f = 6391 - -9910. Is f composite?
False
Let x = -3899 + 6648. Is x composite?
False
Let f = -762 - -889. Is f a composite number?
False
Let l(x) = -x**3 - 5*x**2 - 2*x + 7. Let r be l(-11). Suppose 3*i - r = k, 282 = -4*i + 4*k + 1278. Let o = i + -126. Is o prime?
True
Suppose 0 = -5*l + 20, -6*f = -3*f + 5*l + 583. Let g be -3*((-310)/3 + 0). Let z = g + f. Is z a composite number?
False
Is (-36412)/(-3)*-30*(-15)/120 a composite number?
True
Let g be (-3726)/45*(10 - 0)/(-2). Suppose -2*x = -0*w + 4*w - g, 5*w = -4*x + 834. Is x a composite number?
False
Is (-7)/(21/(-24366))*3/6 a prime number?
False
Is (253 + -410)/((-1)/((-2)/(-2))) composite?
False
Suppose 5*l - 2*t = -17323 - 10028, -l - 5475 = 2*t. Let h = 570 - l. Is h composite?
True
Is -6542*(15/6 + -4)/3 a composite number?
False
Let b = 1 + -7. Let v(r) be the first derivative of -10*r**2 - 7*r - 16. Is v(b) a composite number?
False
Let x(h) = 3690*h**3 + 3*h - 2. Is x(1) prime?
True
Let c(m) = 3*m + 61. Let o be c(-21). Is (14/o)/((-6)/102) a prime number?
False
Let d(p) = -p**2 - p - 1. Let m(c) = -c**3 + 9*c**2 + 3*c + 10. Let f(k) = -5*d(k) - m(k). Let b be f(4). Is -2*b/(-6)*37 a composite number?
False
Is (157116/(-24))/(((-3)/(-6))/(-1)) a composite number?
False
Let q(r) be the third derivative of r**6/120 - r**5/12 + 5*r**4/24 - r**3 - 204*r**2. Suppose -5*o - 3*n = 9 - 47, 5*n - 40 = -5*o. Is q(o) prime?
True
Suppose 46*m - 4020 = 41*m. Let k = m - 463. Is k composite?
True
Suppose -338 + 2507 = 3*g. Is g a composite number?
True
Is (-341005)/(-13) + (-120)/780 a prime number?
False
Let n(l) = -46*l**2 + 5 + 65*l**2 + 2*l - 3. Is n(-7) a prime number?
True
Suppose -2*i + 1 + 1 = -2*n, 4*i = -5*n + 31. Let h be 111 + (0 - 0)/(-2). Suppose -n*v = -0*v - h. Is v composite?
False
Let d(w) = 671*w**2 + 5*w - 17. Is d(-7) composite?
True
Let o be (-2)/6 + (-104)/(-24). Let q(b) = 752*b - o + 5 + 0. Is q(1) a prime number?
False
Is -3 - (-1691 - 4*5/4) prime?
True
Let b(a) = 1. Let q(v) = -91*v + 10. Let c(p) = 5*b(p) - q(p). Let j be 63/12 - 9/(-12). Is c(j) a composite number?
False
Let f be (116/(-5))/((2/5)/(-1)). Let m = -51 + f. Is m prime?
True
Suppose 2*s = -2*l - 4, -4*s + l = -3*l + 32. Let g = s + 8. Is 11*(g - 2)*1 a composite number?
False
Suppose -8*d + 9*d = 5*c - 30023, -4*d = 5*c - 30033. Is c a prime number?
False
Let t(f) = -3*f + 8. Let k be t(0). Let l be k*2/(-4)*-1. Is -4 + (4 - -315) + l prime?
False
Suppose -c = -3*f + c - 909, -3 = c. Let q = -463 - f. Let d = 245 + q. Is d a composite number?
True
Let m(r) = -r**3 - 7*r**2 +